{"id":209,"date":"2011-08-18T21:07:59","date_gmt":"2011-08-18T21:07:59","guid":{"rendered":"http:\/\/s377606150.onlinehome.fr\/Wordpress32\/?page_id=209"},"modified":"2025-11-20T07:58:16","modified_gmt":"2025-11-20T07:58:16","slug":"inscription","status":"publish","type":"page","link":"http:\/\/www.skiclub-laseynesurmer.com\/?page_id=209","title":{"rendered":"Comment adh\u00e9rer ?"},"content":{"rendered":"<p>Les adh\u00e9sions se font au si\u00e8ge par la souscription de licences<br>&#8220;carte neige&#8221;, &#8220;passeport snowboard&#8221; ou &#8220;licences comp\u00e9titeur dirigeants&#8221;<br><a href=\"http:\/\/www.skiclub-laseynesurmer.com\/wp-content\/uploads\/2025\/11\/comparatif_garanties_assurance.pdf\" target=\"_blank\" rel=\"noopener\">Voir les garanties de la carte neige.<\/a><\/p>\n<p>Pour adh\u00e9rer, il faut :<br>&#8211; 1\/remplir la &#8220;<a href=\"http:\/\/www.skiclub-laseynesurmer.com\/wp-content\/uploads\/2025\/11\/FicheDeRenseignements2025-2026.pdf\" target=\"_blank\" rel=\"noopener\">fiche de renseignements 2025\/2026<\/a>&#8221; ou \u00e0 prendre au club.<br>&#8211; 2\/ se mettre en conformit\u00e9 avec la r\u00e9glementation m\u00e9dicale <br>( <a href=\"http:\/\/www.skiclub-laseynesurmer.com\/wp-content\/uploads\/2022\/10\/Questionnaire-de-sante-mineur-majeur-22-23.pdf\" target=\"_blank\" rel=\"noopener\">voir document explicatif <\/a>).<br>Pour les mineurs, un questionnaire de sant\u00e9 est obligatoirement \u00e0 renseigner conjointement avec le parent responsable, mais en aucun cas \u00e0 retourner au club. Il engage votre responsabilit\u00e9 car vous devez attester avoir r\u00e9pondu n\u00e9gativement \u00e0 toutes les questions pos\u00e9es, sans quoi un certificat m\u00e9dical de non contre indication \u00e0 la pratique du ski est obligatoire.<br><a href=\"http:\/\/www.skiclub-laseynesurmer.com\/wp-content\/uploads\/2022\/11\/Questionnaire_Sante_Mineur.pdf\" target=\"_blank\" rel=\"noopener\">T\u00e9l\u00e9charger le questionnaire de sant\u00e9 mineur 2024\/2025<\/a><br>&#8211; 3\/ remplir l&#8217;<a href=\"http:\/\/www.skiclub-laseynesurmer.com\/wp-content\/uploads\/2017\/10\/Fiche-Autorisation-photo-Vid\u00e9o-xx.pdf\" target=\"_blank\" rel=\"noopener noreferrer\">autorisation photo et vid\u00e9o<\/a><br>&#8211; 4\/ pour les mineurs, <a href=\"http:\/\/www.skiclub-laseynesurmer.com\/wp-content\/uploads\/2017\/10\/Fiche-Autorisation-m\u00e9dicale-xx.pdf\" target=\"_blank\" rel=\"noopener noreferrer\">une autorisation parentale<\/a> est obligatoire.<br>&#8211; 5\/ r\u00e9gler le montant correspondant aux options choisies.<\/p>\n\n\n<figure class=\"wp-block-image size-large\"><a href=\"https:\/\/ffs.fr\/je-prends-ma-licence\/\" target=\"_blank\" rel=\"noreferrer noopener\"><img loading=\"lazy\" decoding=\"async\" width=\"1024\" height=\"140\" src=\"http:\/\/www.skiclub-laseynesurmer.com\/wp-content\/uploads\/2022\/10\/licence-1024x140.jpg\" alt=\"\" class=\"wp-image-7627\" srcset=\"http:\/\/www.skiclub-laseynesurmer.com\/wp-content\/uploads\/2022\/10\/licence-1024x140.jpg 1024w, http:\/\/www.skiclub-laseynesurmer.com\/wp-content\/uploads\/2022\/10\/licence-300x41.jpg 300w, http:\/\/www.skiclub-laseynesurmer.com\/wp-content\/uploads\/2022\/10\/licence-768x105.jpg 768w, http:\/\/www.skiclub-laseynesurmer.com\/wp-content\/uploads\/2022\/10\/licence-1536x209.jpg 1536w, http:\/\/www.skiclub-laseynesurmer.com\/wp-content\/uploads\/2022\/10\/licence.jpg 1555w\" sizes=\"auto, (max-width: 1024px) 100vw, 1024px\" \/><\/a><\/figure>\n\n\n\n<ul class=\"wp-block-list\">\n<li>&#8211; 6\/ Prendre sa licence sur internet en choisissant le ski club &#8220;la Seyne sur mer&#8221;<br>Lien de prise de licence&nbsp; : <a rel=\"noreferrer noopener\" href=\"https:\/\/ffs.fr\/je-prends-ma-licence\/\" target=\"_blank\">https:\/\/ffs.fr\/je-prends-ma-licence\/<\/a><\/li>\n<\/ul>\n\n\n\n<p>En effet,&nbsp; cette ann\u00e9e la prise des licences se fera sur internet par vous m\u00eame de chez vous.<br>Une assistance sera mise en place au club lors des permanences.<br>Le paiement se fera \u00e9galement en ligne avec votre carte bleue.<\/p>\n\n\n\n<p>Et bonne saison \u2026<\/p>\n","protected":false},"excerpt":{"rendered":"<p>Les adh\u00e9sions se font au si\u00e8ge par la souscription de licences&#8220;carte neige&#8221;, &#8220;passeport snowboard&#8221; ou &#8220;licences comp\u00e9titeur dirigeants&#8221;Voir les garanties de la carte neige. Pour adh\u00e9rer, il faut :&#8211; 1\/remplir la &#8220;fiche de renseignements 2025\/2026&#8221; ou \u00e0 prendre au club.&#8211; &hellip; <a href=\"http:\/\/www.skiclub-laseynesurmer.com\/?page_id=209\">Continuer la lecture <span class=\"meta-nav\">&rarr;<\/span><\/a><\/p>\n","protected":false},"author":9,"featured_media":0,"parent":199,"menu_order":2,"comment_status":"closed","ping_status":"closed","template":"","meta":{"ngg_post_thumbnail":0,"footnotes":""},"class_list":["post-209","page","type-page","status-publish","hentry"],"_links":{"self":[{"href":"http:\/\/www.skiclub-laseynesurmer.com\/index.php?rest_route=\/wp\/v2\/pages\/209","targetHints":{"allow":["GET"]}}],"collection":[{"href":"http:\/\/www.skiclub-laseynesurmer.com\/index.php?rest_route=\/wp\/v2\/pages"}],"about":[{"href":"http:\/\/www.skiclub-laseynesurmer.com\/index.php?rest_route=\/wp\/v2\/types\/page"}],"author":[{"embeddable":true,"href":"http:\/\/www.skiclub-laseynesurmer.com\/index.php?rest_route=\/wp\/v2\/users\/9"}],"replies":[{"embeddable":true,"href":"http:\/\/www.skiclub-laseynesurmer.com\/index.php?rest_route=%2Fwp%2Fv2%2Fcomments&post=209"}],"version-history":[{"count":87,"href":"http:\/\/www.skiclub-laseynesurmer.com\/index.php?rest_route=\/wp\/v2\/pages\/209\/revisions"}],"predecessor-version":[{"id":9117,"href":"http:\/\/www.skiclub-laseynesurmer.com\/index.php?rest_route=\/wp\/v2\/pages\/209\/revisions\/9117"}],"up":[{"embeddable":true,"href":"http:\/\/www.skiclub-laseynesurmer.com\/index.php?rest_route=\/wp\/v2\/pages\/199"}],"wp:attachment":[{"href":"http:\/\/www.skiclub-laseynesurmer.com\/index.php?rest_route=%2Fwp%2Fv2%2Fmedia&parent=209"}],"curies":[{"name":"wp","href":"https:\/\/api.w.org\/{rel}","templated":true}]}}