{"id":9465,"date":"2026-02-05T10:51:26","date_gmt":"2026-02-05T10:51:26","guid":{"rendered":"http:\/\/www.skiclub-laseynesurmer.com\/?page_id=9465"},"modified":"2026-02-05T11:06:03","modified_gmt":"2026-02-05T11:06:03","slug":"pra-loup-1er-02-26","status":"publish","type":"page","link":"http:\/\/www.skiclub-laseynesurmer.com\/?page_id=9465","title":{"rendered":"Pra Loup 1er\/02\/26"},"content":{"rendered":"Nous avions de super conditions de ski, de neige et de m\u00e9t\u00e9o.\nDes skieurs motiv\u00e9s ont fait que notre week-end s&#8217;est d\u00e9roul\u00e9 dans une ambiance tr\u00e8s conviviale.\nNous \u00e9tions log\u00e9s \u00e0 l&#8217;Hotel &#8220;les blancs&#8221; aux Molan\u00e8s.\nMerci \u00e0 l&#8217;\u00e9quipe en place pour leur accueil. (Kris et Max).\nBon visionnage.\nMerci aux contributeurs photo\/vid\u00e9o, Alex, Thierry A, Nicolas, Alain, Juliette et Philippe\n\n<!-- \/wp:post-content -->\n\n<!-- wp:paragraph -->\n\nngg_shortcode_0_placeholder\n\n<!-- \/wp:paragraph -->","protected":false},"excerpt":{"rendered":"<p>Nous avions de super conditions de ski, de neige et de m\u00e9t\u00e9o. Des skieurs motiv\u00e9s ont fait que notre week-end s&#8217;est d\u00e9roul\u00e9 dans une ambiance tr\u00e8s conviviale. Nous \u00e9tions log\u00e9s \u00e0 l&#8217;Hotel &#8220;les blancs&#8221; aux Molan\u00e8s. Merci \u00e0 l&#8217;\u00e9quipe en &hellip; <a href=\"http:\/\/www.skiclub-laseynesurmer.com\/?page_id=9465\">Continuer la lecture <span class=\"meta-nav\">&rarr;<\/span><\/a><\/p>\n","protected":false},"author":9,"featured_media":0,"parent":0,"menu_order":0,"comment_status":"closed","ping_status":"closed","template":"","meta":{"ngg_post_thumbnail":0,"footnotes":""},"class_list":["post-9465","page","type-page","status-publish","hentry"],"_links":{"self":[{"href":"http:\/\/www.skiclub-laseynesurmer.com\/index.php?rest_route=\/wp\/v2\/pages\/9465","targetHints":{"allow":["GET"]}}],"collection":[{"href":"http:\/\/www.skiclub-laseynesurmer.com\/index.php?rest_route=\/wp\/v2\/pages"}],"about":[{"href":"http:\/\/www.skiclub-laseynesurmer.com\/index.php?rest_route=\/wp\/v2\/types\/page"}],"author":[{"embeddable":true,"href":"http:\/\/www.skiclub-laseynesurmer.com\/index.php?rest_route=\/wp\/v2\/users\/9"}],"replies":[{"embeddable":true,"href":"http:\/\/www.skiclub-laseynesurmer.com\/index.php?rest_route=%2Fwp%2Fv2%2Fcomments&post=9465"}],"version-history":[{"count":6,"href":"http:\/\/www.skiclub-laseynesurmer.com\/index.php?rest_route=\/wp\/v2\/pages\/9465\/revisions"}],"predecessor-version":[{"id":9474,"href":"http:\/\/www.skiclub-laseynesurmer.com\/index.php?rest_route=\/wp\/v2\/pages\/9465\/revisions\/9474"}],"wp:attachment":[{"href":"http:\/\/www.skiclub-laseynesurmer.com\/index.php?rest_route=%2Fwp%2Fv2%2Fmedia&parent=9465"}],"curies":[{"name":"wp","href":"https:\/\/api.w.org\/{rel}","templated":true}]}}